{"id":25247,"date":"2015-10-04T15:26:59","date_gmt":"2015-10-04T15:26:59","guid":{"rendered":"http:\/\/gracadivina.com\/?page_id=25247"},"modified":"2015-10-31T20:03:44","modified_gmt":"2015-10-31T20:03:44","slug":"testemunhos-rui","status":"publish","type":"page","link":"https:\/\/gracadivina.com\/index.php\/testemunhos-rui\/","title":{"rendered":"testemunhos-rui"},"content":{"rendered":"<div class=\"row \"><div class=\"wpv-grid grid-1-1  wpv-first-level first unextended\" style=\"padding-top:0px;padding-bottom:0px\" id=\"wpv-column-b1a12b4e9f0972d50392b025a5581f92\" ><div class=\"vamtam-cubeportfolio cbp cbp-slider-edge vamtam-testimonials-slider\" data-options=\"{&quot;layoutMode&quot;:&quot;slider&quot;,&quot;drag&quot;:true,&quot;auto&quot;:false,&quot;autoTimeout&quot;:5000,&quot;autoPauseOnHover&quot;:true,&quot;showNavigation&quot;:false,&quot;showPagination&quot;:true,&quot;rewindNav&quot;:true,&quot;scrollByPage&quot;:false,&quot;gridAdjustment&quot;:&quot;responsive&quot;,&quot;mediaQueries&quot;:[{&quot;width&quot;:1,&quot;cols&quot;:1}],&quot;gapHorizontal&quot;:0,&quot;gapVertical&quot;:0,&quot;caption&quot;:&quot;&quot;,&quot;displayType&quot;:&quot;default&quot;}\"><div class=\"cbp-item\"><blockquote class='clearfix small simple'><div class=\"quote-thumbnail\"><img width=\"150\" height=\"150\" src=\"https:\/\/gracadivina.com\/wp-content\/uploads\/2013\/07\/Rui-150x150.png\" class=\"attachment-thumbnail size-thumbnail wp-post-image\" alt=\"\" decoding=\"async\" loading=\"lazy\" srcset=\"https:\/\/gracadivina.com\/wp-content\/uploads\/2013\/07\/Rui-150x150.png 150w, https:\/\/gracadivina.com\/wp-content\/uploads\/2013\/07\/Rui-180x180.png 180w, https:\/\/gracadivina.com\/wp-content\/uploads\/2013\/07\/Rui-60x60.png 60w, https:\/\/gracadivina.com\/wp-content\/uploads\/2013\/07\/Rui-43x43.png 43w, https:\/\/gracadivina.com\/wp-content\/uploads\/2013\/07\/Rui-106x106.png 106w, https:\/\/gracadivina.com\/wp-content\/uploads\/2013\/07\/Rui.png 215w\" sizes=\"(max-width: 150px) 100vw, 150px\" \/><strong class='quote-title'><span class='the-title'>Rui Garcia<\/span> <span class='company-name'>(<a href=\"http:\/\/gracadivina.com\/index.php\/testemunhos-rui\/\" target=\"_blank\">Ver mais<\/a>)<\/span><\/strong><\/div><div class='quote-text'><div class=\"quote-content\"><h1 style=\"font-size: 64px; font-weight: 800;\" class=\"accent-1\">TRANSFORMA\u00c7\u00c3O <br \/>DE VIDA VAZIA <br \/>E SEM SENTIDO.\r\n\r\n<\/h1>\r\n<em>\"Uma vida cheia de alegria, paz e gozo.<br \\>\r\n\u00c9 a vida que Rui tem agora depois de ter sido pescado por Jesus.\"<\/em><\/div><\/div><\/blockquote><\/div><\/div><\/div><\/div>\n<div class=\"row \"><div class=\"wpv-grid grid-1-1  wpv-first-level first unextended\" style=\"padding-top:0px;padding-bottom:0px\" id=\"wpv-column-1e1c658bcafe7446c9d5818d0af466c3\" ><div class=\"sep\"><\/div>\n<h4>Testemunho de cura de enfermidades<\/h4>\n<p>2006 &#8211; Diagnosticada por ecocardiograma dilata\u00e7\u00e3o da aur\u00edcula esquerda<\/p>\n<p>2010\/11 &#8211; Diagnosticada por an\u00e1lises perda mediana da capacidade de\u00a0filtragem dos rins.<\/p>\n<p>2012 \u2013 Diagnosticada por ecocardiograma aus\u00eancia de qualquer dilata\u00e7\u00e3o da\u00a0aur\u00edcula esquerda. Situa\u00e7\u00e3o que se mant\u00e9m.<\/p>\n<p>2012 \u2013 Diagnosticada por an\u00e1lises a completa recupera\u00e7\u00e3o da capacidade de\u00a0filtragem dos rins. Situa\u00e7\u00e3o que se mant\u00e9m.<\/p>\n<p>Porque, juntamente com o Pastor, confessei e pedi a Deus, em nome de Jesus,\u00a0a cura das enfermidades diagnosticadas, Deus foi operando progressivamente\u00a0a cura do meu corpo.<\/p>\n<span class='icon shortcode  ' style='font-size:18px !important;color:#3e4043;'>&#57416;<\/span> <span class=\"versiculo\"> E esta \u00e9 a confian\u00e7a que temos nele, que, se pedirmos alguma coisa, segundo a sua vontade, ele nos ouve.<br \/>\nE, se sabemos que nos ouve em tudo o que pedimos, sabemos que alcan\u00e7amos as peti\u00e7\u00f5es que lhe fizemos. <sub>(1 Jo\u00e3o 5:14,15)<\/sub><\/span><\/p>\n<p>Estou-Lhe muito grato e n\u00e3o cesso de Lhe\u00a0dizer que na minha vida Seu \u00e9 o\u00a0Reino, o Poder e a Gl\u00f3ria para todo o sempre.<\/p>\n<h4>Testemunho de transforma\u00e7\u00e3o de\u00a0vida vazia e\u00a0sem sentido, para uma vida com um futuro e sucesso.<\/h4>\n<p>H\u00e1 cerca de 30 anos ouvi falar de Jesus.<\/p>\n<p>Ouvi com respeito e, ficou por a\u00ed.<\/p>\n<p>A perda da m\u00e3e dos meus filhos levou-me ao vazio e \u00e0 falta de sentido de uma\u00a0vida sem objectivos e futuro, ao ponto de ter come\u00e7ado a planear a minha\u00a0sa\u00edda de Portugal para a Austr\u00e1lia, planeamento esse que inclu\u00eda, o n\u00e3o\u00a0informar ningu\u00e9m, abandonando tudo e todos\u00a0incluindo os tr\u00eas filhos.<\/p>\n<p>At\u00e9 que em 2002, Deus pela Sua miseric\u00f3rdia, proporcionou que, com uma\u00a0amiga de inf\u00e2ncia cuja fam\u00edlia tinha sido destru\u00edda, pudesse-mos ambos\u00a0come\u00e7ar de novo a vida.<\/p>\n<p>Ela tinha responsabilidades na Igreja que frequentava e, concordei\u00a0incondicionalmente com o exerc\u00edcio do seu minist\u00e9rio, e com criar e manter as\u00a0condi\u00e7\u00f5es necess\u00e1rias para o seu livre exerc\u00edcio, abrindo tamb\u00e9m um G.F. na\u00a0nossa casa.<\/p>\n<p>A partir da\u00ed, recebi Jesus, fui baptizado no E. Santo, baptizado nas \u00e1guas e,\u00a0iniciou-se na minha vida, passando por um per\u00edodo de 1 ano em miss\u00e3o no\u00a0Brasil onde ambos estivemos, uma revolu\u00e7\u00e3o pac\u00edfica que continuar\u00e1 at\u00e9 ao\u00a0fim da minha vida sobre a face da Terra para Honra e Gl\u00f3ria de Deus..<\/p>\n<p>Quando Deus nos pesca, passamos a ter Paz, Alegria, Gozo, Objectivos e\u00a0Capacidade para O conhecer, seguir e servir mais e, mais. Come\u00e7amos a ser,\u00a0pouco a pouco, parecidos com Jesus.<\/p>\n<div class=\"sep\"><\/div><\/div><\/div>\n","protected":false},"excerpt":{"rendered":"<p>TRANSFORMA\u00c7\u00c3O DE VIDA VAZIA E SEM SENTIDO. &#8220;Uma vida cheia de alegria, paz e gozo. \u00c9 a vida que Rui tem agora depois de ter sido pescado por Jesus.&#8221;<\/p>\n","protected":false},"author":1,"featured_media":0,"parent":0,"menu_order":0,"comment_status":"closed","ping_status":"closed","template":"","meta":{"_mi_skip_tracking":false,"_exactmetrics_sitenote_active":false,"_exactmetrics_sitenote_note":"","_exactmetrics_sitenote_category":0},"yoast_head":"<!-- This site is optimized with the Yoast SEO plugin v20.2.1 - https:\/\/yoast.com\/wordpress\/plugins\/seo\/ -->\n<title>testemunhos-rui - Gra\u00e7a Divina<\/title>\n<meta name=\"robots\" content=\"index, follow, max-snippet:-1, max-image-preview:large, max-video-preview:-1\" \/>\n<link rel=\"canonical\" href=\"https:\/\/gracadivina.com\/index.php\/testemunhos-rui\/\" \/>\n<meta property=\"og:locale\" content=\"pt_PT\" \/>\n<meta property=\"og:type\" content=\"article\" \/>\n<meta property=\"og:title\" content=\"testemunhos-rui - Gra\u00e7a Divina\" \/>\n<meta property=\"og:url\" content=\"https:\/\/gracadivina.com\/index.php\/testemunhos-rui\/\" \/>\n<meta property=\"og:site_name\" content=\"Gra\u00e7a Divina\" \/>\n<meta property=\"article:modified_time\" content=\"2015-10-31T20:03:44+00:00\" \/>\n<meta name=\"twitter:card\" content=\"summary_large_image\" \/>\n<meta name=\"twitter:label1\" content=\"Tempo estimado de leitura\" \/>\n\t<meta name=\"twitter:data1\" content=\"2 minutos\" \/>\n<script type=\"application\/ld+json\" class=\"yoast-schema-graph\">{\"@context\":\"https:\/\/schema.org\",\"@graph\":[{\"@type\":\"WebPage\",\"@id\":\"https:\/\/gracadivina.com\/index.php\/testemunhos-rui\/\",\"url\":\"https:\/\/gracadivina.com\/index.php\/testemunhos-rui\/\",\"name\":\"testemunhos-rui - Gra\u00e7a Divina\",\"isPartOf\":{\"@id\":\"https:\/\/gracadivina.com\/#website\"},\"datePublished\":\"2015-10-04T15:26:59+00:00\",\"dateModified\":\"2015-10-31T20:03:44+00:00\",\"breadcrumb\":{\"@id\":\"https:\/\/gracadivina.com\/index.php\/testemunhos-rui\/#breadcrumb\"},\"inLanguage\":\"pt-PT\",\"potentialAction\":[{\"@type\":\"ReadAction\",\"target\":[\"https:\/\/gracadivina.com\/index.php\/testemunhos-rui\/\"]}]},{\"@type\":\"BreadcrumbList\",\"@id\":\"https:\/\/gracadivina.com\/index.php\/testemunhos-rui\/#breadcrumb\",\"itemListElement\":[{\"@type\":\"ListItem\",\"position\":1,\"name\":\"Home\",\"item\":\"https:\/\/gracadivina.com\/\"},{\"@type\":\"ListItem\",\"position\":2,\"name\":\"testemunhos-rui\"}]},{\"@type\":\"WebSite\",\"@id\":\"https:\/\/gracadivina.com\/#website\",\"url\":\"https:\/\/gracadivina.com\/\",\"name\":\"Gra\u00e7a Divina\",\"description\":\"Igreja evang\u00e9lica\",\"potentialAction\":[{\"@type\":\"SearchAction\",\"target\":{\"@type\":\"EntryPoint\",\"urlTemplate\":\"https:\/\/gracadivina.com\/?s={search_term_string}\"},\"query-input\":\"required name=search_term_string\"}],\"inLanguage\":\"pt-PT\"}]}<\/script>\n<!-- \/ Yoast SEO plugin. -->","yoast_head_json":{"title":"testemunhos-rui - Gra\u00e7a Divina","robots":{"index":"index","follow":"follow","max-snippet":"max-snippet:-1","max-image-preview":"max-image-preview:large","max-video-preview":"max-video-preview:-1"},"canonical":"https:\/\/gracadivina.com\/index.php\/testemunhos-rui\/","og_locale":"pt_PT","og_type":"article","og_title":"testemunhos-rui - Gra\u00e7a Divina","og_url":"https:\/\/gracadivina.com\/index.php\/testemunhos-rui\/","og_site_name":"Gra\u00e7a Divina","article_modified_time":"2015-10-31T20:03:44+00:00","twitter_card":"summary_large_image","twitter_misc":{"Tempo estimado de leitura":"2 minutos"},"schema":{"@context":"https:\/\/schema.org","@graph":[{"@type":"WebPage","@id":"https:\/\/gracadivina.com\/index.php\/testemunhos-rui\/","url":"https:\/\/gracadivina.com\/index.php\/testemunhos-rui\/","name":"testemunhos-rui - Gra\u00e7a Divina","isPartOf":{"@id":"https:\/\/gracadivina.com\/#website"},"datePublished":"2015-10-04T15:26:59+00:00","dateModified":"2015-10-31T20:03:44+00:00","breadcrumb":{"@id":"https:\/\/gracadivina.com\/index.php\/testemunhos-rui\/#breadcrumb"},"inLanguage":"pt-PT","potentialAction":[{"@type":"ReadAction","target":["https:\/\/gracadivina.com\/index.php\/testemunhos-rui\/"]}]},{"@type":"BreadcrumbList","@id":"https:\/\/gracadivina.com\/index.php\/testemunhos-rui\/#breadcrumb","itemListElement":[{"@type":"ListItem","position":1,"name":"Home","item":"https:\/\/gracadivina.com\/"},{"@type":"ListItem","position":2,"name":"testemunhos-rui"}]},{"@type":"WebSite","@id":"https:\/\/gracadivina.com\/#website","url":"https:\/\/gracadivina.com\/","name":"Gra\u00e7a Divina","description":"Igreja evang\u00e9lica","potentialAction":[{"@type":"SearchAction","target":{"@type":"EntryPoint","urlTemplate":"https:\/\/gracadivina.com\/?s={search_term_string}"},"query-input":"required name=search_term_string"}],"inLanguage":"pt-PT"}]}},"_links":{"self":[{"href":"https:\/\/gracadivina.com\/index.php\/wp-json\/wp\/v2\/pages\/25247"}],"collection":[{"href":"https:\/\/gracadivina.com\/index.php\/wp-json\/wp\/v2\/pages"}],"about":[{"href":"https:\/\/gracadivina.com\/index.php\/wp-json\/wp\/v2\/types\/page"}],"author":[{"embeddable":true,"href":"https:\/\/gracadivina.com\/index.php\/wp-json\/wp\/v2\/users\/1"}],"replies":[{"embeddable":true,"href":"https:\/\/gracadivina.com\/index.php\/wp-json\/wp\/v2\/comments?post=25247"}],"version-history":[{"count":12,"href":"https:\/\/gracadivina.com\/index.php\/wp-json\/wp\/v2\/pages\/25247\/revisions"}],"predecessor-version":[{"id":25565,"href":"https:\/\/gracadivina.com\/index.php\/wp-json\/wp\/v2\/pages\/25247\/revisions\/25565"}],"wp:attachment":[{"href":"https:\/\/gracadivina.com\/index.php\/wp-json\/wp\/v2\/media?parent=25247"}],"curies":[{"name":"wp","href":"https:\/\/api.w.org\/{rel}","templated":true}]}}